{"id":6510,"date":"2024-11-28T11:50:09","date_gmt":"2024-11-28T10:50:09","guid":{"rendered":"https:\/\/traininglikepro.fr\/?page_id=6510"},"modified":"2024-12-26T14:08:16","modified_gmt":"2024-12-26T13:08:16","slug":"carte-cadeau","status":"publish","type":"page","link":"https:\/\/traininglikepro.fr\/index.php\/carte-cadeau\/","title":{"rendered":"Carte-Cadeau"},"content":{"rendered":"\t\t<div data-elementor-type=\"wp-page\" data-elementor-id=\"6510\" class=\"elementor elementor-6510\" data-elementor-post-type=\"page\">\n\t\t\t\t<div class=\"elementor-element elementor-element-8967460 elementor-hidden-tablet elementor-hidden-mobile e-flex e-con-boxed e-con e-parent\" data-id=\"8967460\" data-element_type=\"container\" data-e-type=\"container\" data-settings=\"{&quot;background_background&quot;:&quot;classic&quot;}\">\n\t\t\t\t\t<div class=\"e-con-inner\">\n\t\t<div class=\"elementor-element elementor-element-c8ed2fc e-con-full e-flex e-con e-child\" data-id=\"c8ed2fc\" data-element_type=\"container\" data-e-type=\"container\">\n\t\t\t\t<div class=\"elementor-element elementor-element-ead352f elementor-widget elementor-widget-text-editor\" data-id=\"ead352f\" data-element_type=\"widget\" data-e-type=\"widget\" data-widget_type=\"text-editor.default\">\n\t\t\t\t<div class=\"elementor-widget-container\">\n\t\t\t\t\t\t\t\t\t<p>Pour les amoureux de course \u00e0 pied, pensez aux&nbsp;<span class=\"color-red\">cartes-cadeaux TLP <\/span> <img decoding=\"async\" class=\"emoji\" role=\"img\" draggable=\"false\" src=\"https:\/\/s.w.org\/images\/core\/emoji\/15.0.3\/svg\/1f381.svg\" alt=\"\ud83c\udf81\"><\/p>\t\t\t\t\t\t\t\t<\/div>\n\t\t\t\t<\/div>\n\t\t\t\t<div class=\"elementor-element elementor-element-3499085 elementor-hidden-mobile elementor-widget elementor-widget-text-editor\" data-id=\"3499085\" data-element_type=\"widget\" data-e-type=\"widget\" data-widget_type=\"text-editor.default\">\n\t\t\t\t<div class=\"elementor-widget-container\">\n\t\t\t\t\t\t\t\t\t<p>Offrez \u00e0 vos proches la possibilit\u00e9 de pr\u00e9parer au mieux leurs prochaines courses avec la formule de leur choix. Choisissez le montant souhait\u00e9, et le tour est jou\u00e9. C&rsquo;est simple et rapide\u00a0<img decoding=\"async\" class=\"emoji\" role=\"img\" draggable=\"false\" src=\"https:\/\/s.w.org\/images\/core\/emoji\/15.0.3\/svg\/2705.svg\" alt=\"\u2705\" \/><\/p>\t\t\t\t\t\t\t\t<\/div>\n\t\t\t\t<\/div>\n\t\t\t\t<\/div>\n\t\t<div class=\"elementor-element elementor-element-5df5023 e-con-full e-flex e-con e-child\" data-id=\"5df5023\" data-element_type=\"container\" data-e-type=\"container\">\n\t\t\t\t<div class=\"elementor-element elementor-element-f03a6c7 elementor-widget elementor-widget-image\" data-id=\"f03a6c7\" data-element_type=\"widget\" data-e-type=\"widget\" data-widget_type=\"image.default\">\n\t\t\t\t<div class=\"elementor-widget-container\">\n\t\t\t\t\t\t\t\t\t\t\t\t\t\t\t<img decoding=\"async\" src=\"https:\/\/traininglikepro.fr\/wp-content\/uploads\/2024\/12\/traininglikepro_Carte-Cadeau.png\" title=\"traininglikepro_Carte-Cadeau\" alt=\"traininglikepro Carte-Cadeau\" loading=\"lazy\" \/>\t\t\t\t\t\t\t\t\t\t\t\t\t\t\t<\/div>\n\t\t\t\t<\/div>\n\t\t\t\t<\/div>\n\t\t\t\t\t<\/div>\n\t\t\t\t<\/div>\n\t\t<div class=\"elementor-element elementor-element-69d52da e-flex e-con-boxed e-con e-parent\" data-id=\"69d52da\" data-element_type=\"container\" data-e-type=\"container\" data-settings=\"{&quot;background_background&quot;:&quot;classic&quot;}\">\n\t\t\t\t\t<div class=\"e-con-inner\">\n\t\t\t\t<div class=\"elementor-element elementor-element-a0c7e2d elementor-hidden-desktop elementor-hidden-tablet elementor-widget elementor-widget-text-editor\" data-id=\"a0c7e2d\" data-element_type=\"widget\" data-e-type=\"widget\" data-widget_type=\"text-editor.default\">\n\t\t\t\t<div class=\"elementor-widget-container\">\n\t\t\t\t\t\t\t\t\t<p>Pour les amoureux de course \u00e0 pied, pensez aux\u00a0<span class=\"color-red\">cartes-cadeaux TLP <\/span> <img decoding=\"async\" class=\"emoji\" role=\"img\" draggable=\"false\" src=\"https:\/\/s.w.org\/images\/core\/emoji\/15.0.3\/svg\/1f381.svg\" alt=\"\ud83c\udf81\" \/><\/p>\t\t\t\t\t\t\t\t<\/div>\n\t\t\t\t<\/div>\n\t\t\t\t\t<\/div>\n\t\t\t\t<\/div>\n\t\t<div class=\"elementor-element elementor-element-210701a elementor-hidden-desktop elementor-hidden-tablet e-flex e-con-boxed e-con e-parent\" data-id=\"210701a\" data-element_type=\"container\" data-e-type=\"container\" data-settings=\"{&quot;background_background&quot;:&quot;classic&quot;}\">\n\t\t\t\t\t<div class=\"e-con-inner\">\n\t\t\t\t<div class=\"elementor-element elementor-element-47f1add elementor-widget elementor-widget-text-editor\" data-id=\"47f1add\" data-element_type=\"widget\" data-e-type=\"widget\" data-widget_type=\"text-editor.default\">\n\t\t\t\t<div class=\"elementor-widget-container\">\n\t\t\t\t\t\t\t\t\t<p>Offrez \u00e0 vos proches la possibilit\u00e9 de pr\u00e9parer au mieux leurs prochaines courses<span style=\"color: var( --e-global-color-secondary ); background-color: var( --e-global-color-primary );\"> avec la formule de leur choix. Choisissez le montant souhait\u00e9, et le tour est jou\u00e9. C&rsquo;est simple et rapide \u2705<\/span><\/p>\t\t\t\t\t\t\t\t<\/div>\n\t\t\t\t<\/div>\n\t\t\t\t\t<\/div>\n\t\t\t\t<\/div>\n\t\t<div class=\"elementor-element elementor-element-8703635 e-flex e-con-boxed e-con e-parent\" data-id=\"8703635\" data-element_type=\"container\" data-e-type=\"container\" data-settings=\"{&quot;background_background&quot;:&quot;classic&quot;}\">\n\t\t\t\t\t<div class=\"e-con-inner\">\n\t\t\t\t<div class=\"elementor-element elementor-element-ca9dc32 elementor-hidden-desktop elementor-hidden-tablet elementor-widget elementor-widget-image\" data-id=\"ca9dc32\" data-element_type=\"widget\" data-e-type=\"widget\" data-widget_type=\"image.default\">\n\t\t\t\t<div class=\"elementor-widget-container\">\n\t\t\t\t\t\t\t\t\t\t\t\t\t\t\t<img fetchpriority=\"high\" decoding=\"async\" width=\"1000\" height=\"1000\" src=\"https:\/\/traininglikepro.fr\/wp-content\/uploads\/2024\/12\/traininglikepro_Carte-Cadeau.png\" class=\"attachment-full size-full wp-image-6764\" alt=\"traininglikepro Carte-Cadeau\" srcset=\"https:\/\/traininglikepro.fr\/wp-content\/uploads\/2024\/12\/traininglikepro_Carte-Cadeau.png 1000w, https:\/\/traininglikepro.fr\/wp-content\/uploads\/2024\/12\/traininglikepro_Carte-Cadeau-300x300.png 300w, https:\/\/traininglikepro.fr\/wp-content\/uploads\/2024\/12\/traininglikepro_Carte-Cadeau-150x150.png 150w, https:\/\/traininglikepro.fr\/wp-content\/uploads\/2024\/12\/traininglikepro_Carte-Cadeau-768x768.png 768w\" sizes=\"(max-width: 1000px) 100vw, 1000px\" style=\"width:100%;height:100%;max-width:1000px\" \/>\t\t\t\t\t\t\t\t\t\t\t\t\t\t\t<\/div>\n\t\t\t\t<\/div>\n\t\t\t\t\t<\/div>\n\t\t\t\t<\/div>\n\t\t<div class=\"elementor-element elementor-element-2695859 elementor-hidden-desktop elementor-hidden-tablet e-flex e-con-boxed e-con e-parent\" data-id=\"2695859\" data-element_type=\"container\" data-e-type=\"container\" data-settings=\"{&quot;background_background&quot;:&quot;classic&quot;}\">\n\t\t\t\t\t<div class=\"e-con-inner\">\n\t\t\t\t<div class=\"elementor-element elementor-element-86621aa elementor-widget elementor-widget-spacer\" data-id=\"86621aa\" data-element_type=\"widget\" data-e-type=\"widget\" data-widget_type=\"spacer.default\">\n\t\t\t\t<div class=\"elementor-widget-container\">\n\t\t\t\t\t\t\t<div class=\"elementor-spacer\">\n\t\t\t<div class=\"elementor-spacer-inner\"><\/div>\n\t\t<\/div>\n\t\t\t\t\t\t<\/div>\n\t\t\t\t<\/div>\n\t\t\t\t\t<\/div>\n\t\t\t\t<\/div>\n\t\t<div class=\"elementor-element elementor-element-5a2be1f e-flex e-con-boxed e-con e-parent\" data-id=\"5a2be1f\" data-element_type=\"container\" data-e-type=\"container\" data-settings=\"{&quot;background_background&quot;:&quot;classic&quot;}\">\n\t\t\t\t\t<div class=\"e-con-inner\">\n\t\t\t\t<div class=\"elementor-element elementor-element-d7deb5d elementor-align-center elementor-widget elementor-widget-button\" data-id=\"d7deb5d\" data-element_type=\"widget\" data-e-type=\"widget\" data-widget_type=\"button.default\">\n\t\t\t\t<div class=\"elementor-widget-container\">\n\t\t\t\t\t\t\t\t\t<div class=\"elementor-button-wrapper\">\n\t\t\t\t\t<a class=\"elementor-button elementor-button-link elementor-size-xs elementor-animation-grow\" href=\"https:\/\/buy.stripe.com\/dR63eO44A55ebgA14c\" target=\"_blank\">\n\t\t\t\t\t\t<span class=\"elementor-button-content-wrapper\">\n\t\t\t\t\t\t\t\t\t<span class=\"elementor-button-text\">Achetez ici \ud83d\udc48<\/span>\n\t\t\t\t\t<\/span>\n\t\t\t\t\t<\/a>\n\t\t\t\t<\/div>\n\t\t\t\t\t\t\t\t<\/div>\n\t\t\t\t<\/div>\n\t\t\t\t<div class=\"elementor-element elementor-element-0e179d0 elementor-widget elementor-widget-spacer\" data-id=\"0e179d0\" data-element_type=\"widget\" data-e-type=\"widget\" data-widget_type=\"spacer.default\">\n\t\t\t\t<div class=\"elementor-widget-container\">\n\t\t\t\t\t\t\t<div class=\"elementor-spacer\">\n\t\t\t<div class=\"elementor-spacer-inner\"><\/div>\n\t\t<\/div>\n\t\t\t\t\t\t<\/div>\n\t\t\t\t<\/div>\n\t\t\t\t\t<\/div>\n\t\t\t\t<\/div>\n\t\t<div class=\"elementor-element elementor-element-0da063f e-flex e-con-boxed e-con e-parent\" data-id=\"0da063f\" data-element_type=\"container\" data-e-type=\"container\" data-settings=\"{&quot;background_background&quot;:&quot;classic&quot;}\">\n\t\t\t\t\t<div class=\"e-con-inner\">\n\t\t\t\t<div class=\"elementor-element elementor-element-9c7851a elementor-widget elementor-widget-heading\" data-id=\"9c7851a\" data-element_type=\"widget\" data-e-type=\"widget\" data-widget_type=\"heading.default\">\n\t\t\t\t<div class=\"elementor-widget-container\">\n\t\t\t\t\t<h2 class=\"elementor-heading-title elementor-size-default\">Comment \u00e7a marche ? \ud83e\udd14 <\/h2>\t\t\t\t<\/div>\n\t\t\t\t<\/div>\n\t\t\t\t\t<\/div>\n\t\t\t\t<\/div>\n\t\t<div class=\"elementor-element elementor-element-7283be5 e-flex e-con-boxed e-con e-parent\" data-id=\"7283be5\" data-element_type=\"container\" data-e-type=\"container\" data-settings=\"{&quot;background_background&quot;:&quot;classic&quot;}\">\n\t\t\t\t\t<div class=\"e-con-inner\">\n\t\t<div class=\"elementor-element elementor-element-a3d6389 e-con-full e-flex e-con e-child\" data-id=\"a3d6389\" data-element_type=\"container\" data-e-type=\"container\" data-settings=\"{&quot;background_background&quot;:&quot;classic&quot;}\">\n\t\t\t\t<div class=\"elementor-element elementor-element-2a3aae2 elementor-widget elementor-widget-text-editor\" data-id=\"2a3aae2\" data-element_type=\"widget\" data-e-type=\"widget\" data-widget_type=\"text-editor.default\">\n\t\t\t\t<div class=\"elementor-widget-container\">\n\t\t\t\t\t\t\t\t\t<p><img decoding=\"async\" class=\"emoji\" role=\"img\" draggable=\"false\" src=\"https:\/\/s.w.org\/images\/core\/emoji\/15.0.3\/svg\/31-20e3.svg\" alt=\"1\ufe0f\u20e3\" \/> Cliquez sur le lien ci-dessous.<\/p><p>\u00a0<\/p><p><img decoding=\"async\" class=\"emoji\" role=\"img\" draggable=\"false\" src=\"https:\/\/s.w.org\/images\/core\/emoji\/15.0.3\/svg\/32-20e3.svg\" alt=\"2\ufe0f\u20e3\" \/> Suivez les indications sur la plateforme 100% s\u00e9curis\u00e9e Stripe !<\/p><p>\u00a0<\/p><p><img decoding=\"async\" class=\"emoji\" role=\"img\" draggable=\"false\" src=\"https:\/\/s.w.org\/images\/core\/emoji\/15.0.3\/svg\/33-20e3.svg\" alt=\"3\ufe0f\u20e3\" \/> Je reviens vers vous apr\u00e8s le paiement pour prendre quelques informations.<\/p><p>\u00a0<\/p><p><strong><img decoding=\"async\" class=\"emoji\" role=\"img\" draggable=\"false\" src=\"https:\/\/s.w.org\/images\/core\/emoji\/15.0.3\/svg\/1f6a8.svg\" alt=\"\ud83d\udea8\" \/> <\/strong> N&rsquo;h\u00e9sitez pas \u00e0 me <strong><a href=\"https:\/\/traininglikepro.fr\/index.php\/contact\/\"><span class=\"color-red\">contacter<\/span><\/a> <\/strong>si vous avez des questions !<\/p>\t\t\t\t\t\t\t\t<\/div>\n\t\t\t\t<\/div>\n\t\t\t\t<\/div>\n\t\t\t\t\t<\/div>\n\t\t\t\t<\/div>\n\t\t<div class=\"elementor-element elementor-element-2447950 e-flex e-con-boxed e-con e-parent\" data-id=\"2447950\" data-element_type=\"container\" data-e-type=\"container\">\n\t\t\t\t\t<div class=\"e-con-inner\">\n\t\t\t\t<div class=\"elementor-element elementor-element-498799d elementor-widget-divider--view-line elementor-widget elementor-widget-divider\" data-id=\"498799d\" data-element_type=\"widget\" data-e-type=\"widget\" data-widget_type=\"divider.default\">\n\t\t\t\t<div class=\"elementor-widget-container\">\n\t\t\t\t\t\t\t<div class=\"elementor-divider\">\n\t\t\t<span class=\"elementor-divider-separator\">\n\t\t\t\t\t\t<\/span>\n\t\t<\/div>\n\t\t\t\t\t\t<\/div>\n\t\t\t\t<\/div>\n\t\t\t\t\t<\/div>\n\t\t\t\t<\/div>\n\t\t\t\t<\/div>\n\t\t","protected":false},"excerpt":{"rendered":"<p>Pour les amoureux de course \u00e0 pied, pensez aux&nbsp;cartes-cadeaux TLP Offrez \u00e0 vos proches la possibilit\u00e9 de pr\u00e9parer au mieux leurs prochaines courses avec la formule de leur choix. Choisissez le montant souhait\u00e9, et le tour est jou\u00e9. C&rsquo;est simple et rapide\u00a0 Pour les amoureux de course \u00e0 pied, pensez aux\u00a0cartes-cadeaux TLP Offrez \u00e0 vos&hellip; <a class=\"more-link\" href=\"https:\/\/traininglikepro.fr\/index.php\/carte-cadeau\/\">Poursuivre la lecture <span class=\"screen-reader-text\">Carte-Cadeau<\/span><\/a><\/p>\n","protected":false},"author":1,"featured_media":0,"parent":0,"menu_order":0,"comment_status":"closed","ping_status":"closed","template":"elementor_header_footer","meta":{"footnotes":""},"class_list":["post-6510","page","type-page","status-publish","hentry","entry"],"yoast_head":"<!-- This site is optimized with the Yoast SEO plugin v27.4 - https:\/\/yoast.com\/product\/yoast-seo-wordpress\/ -->\n<title>Carte-Cadeau - T.R&#039;aining Like Pro<\/title>\n<meta name=\"robots\" content=\"index, follow, max-snippet:-1, max-image-preview:large, max-video-preview:-1\" \/>\n<link rel=\"canonical\" href=\"https:\/\/traininglikepro.fr\/index.php\/carte-cadeau\/\" \/>\n<meta property=\"og:locale\" content=\"fr_FR\" \/>\n<meta property=\"og:type\" content=\"article\" \/>\n<meta property=\"og:title\" content=\"Carte-Cadeau - T.R&#039;aining Like Pro\" \/>\n<meta property=\"og:description\" content=\"Pour les amoureux de course \u00e0 pied, pensez aux&nbsp;cartes-cadeaux TLP Offrez \u00e0 vos proches la possibilit\u00e9 de pr\u00e9parer au mieux leurs prochaines courses avec la formule de leur choix. Choisissez le montant souhait\u00e9, et le tour est jou\u00e9. C&rsquo;est simple et rapide\u00a0 Pour les amoureux de course \u00e0 pied, pensez aux\u00a0cartes-cadeaux TLP Offrez \u00e0 vos&hellip; Poursuivre la lecture Carte-Cadeau\" \/>\n<meta property=\"og:url\" content=\"https:\/\/traininglikepro.fr\/index.php\/carte-cadeau\/\" \/>\n<meta property=\"og:site_name\" content=\"T.R&#039;aining Like Pro\" \/>\n<meta property=\"article:modified_time\" content=\"2024-12-26T13:08:16+00:00\" \/>\n<meta property=\"og:image\" content=\"https:\/\/s.w.org\/images\/core\/emoji\/15.0.3\/svg\/1f381.svg\" \/>\n<meta name=\"twitter:card\" content=\"summary_large_image\" \/>\n<meta name=\"twitter:label1\" content=\"Dur\u00e9e de lecture estim\u00e9e\" \/>\n\t<meta name=\"twitter:data1\" content=\"3 minutes\" \/>\n<script type=\"application\/ld+json\" class=\"yoast-schema-graph\">{\"@context\":\"https:\\\/\\\/schema.org\",\"@graph\":[{\"@type\":\"WebPage\",\"@id\":\"https:\\\/\\\/traininglikepro.fr\\\/index.php\\\/carte-cadeau\\\/\",\"url\":\"https:\\\/\\\/traininglikepro.fr\\\/index.php\\\/carte-cadeau\\\/\",\"name\":\"Carte-Cadeau - T.R&#039;aining Like Pro\",\"isPartOf\":{\"@id\":\"https:\\\/\\\/traininglikepro.fr\\\/#website\"},\"primaryImageOfPage\":{\"@id\":\"https:\\\/\\\/traininglikepro.fr\\\/index.php\\\/carte-cadeau\\\/#primaryimage\"},\"image\":{\"@id\":\"https:\\\/\\\/traininglikepro.fr\\\/index.php\\\/carte-cadeau\\\/#primaryimage\"},\"thumbnailUrl\":\"https:\\\/\\\/s.w.org\\\/images\\\/core\\\/emoji\\\/15.0.3\\\/svg\\\/1f381.svg\",\"datePublished\":\"2024-11-28T10:50:09+00:00\",\"dateModified\":\"2024-12-26T13:08:16+00:00\",\"breadcrumb\":{\"@id\":\"https:\\\/\\\/traininglikepro.fr\\\/index.php\\\/carte-cadeau\\\/#breadcrumb\"},\"inLanguage\":\"fr-FR\",\"potentialAction\":[{\"@type\":\"ReadAction\",\"target\":[\"https:\\\/\\\/traininglikepro.fr\\\/index.php\\\/carte-cadeau\\\/\"]}]},{\"@type\":\"ImageObject\",\"inLanguage\":\"fr-FR\",\"@id\":\"https:\\\/\\\/traininglikepro.fr\\\/index.php\\\/carte-cadeau\\\/#primaryimage\",\"url\":\"https:\\\/\\\/s.w.org\\\/images\\\/core\\\/emoji\\\/15.0.3\\\/svg\\\/1f381.svg\",\"contentUrl\":\"https:\\\/\\\/s.w.org\\\/images\\\/core\\\/emoji\\\/15.0.3\\\/svg\\\/1f381.svg\"},{\"@type\":\"BreadcrumbList\",\"@id\":\"https:\\\/\\\/traininglikepro.fr\\\/index.php\\\/carte-cadeau\\\/#breadcrumb\",\"itemListElement\":[{\"@type\":\"ListItem\",\"position\":1,\"name\":\"Accueil\",\"item\":\"https:\\\/\\\/traininglikepro.fr\\\/\"},{\"@type\":\"ListItem\",\"position\":2,\"name\":\"Carte-Cadeau\"}]},{\"@type\":\"WebSite\",\"@id\":\"https:\\\/\\\/traininglikepro.fr\\\/#website\",\"url\":\"https:\\\/\\\/traininglikepro.fr\\\/\",\"name\":\"T.R&#039;aining Like Pro\",\"description\":\"\",\"publisher\":{\"@id\":\"https:\\\/\\\/traininglikepro.fr\\\/#organization\"},\"potentialAction\":[{\"@type\":\"SearchAction\",\"target\":{\"@type\":\"EntryPoint\",\"urlTemplate\":\"https:\\\/\\\/traininglikepro.fr\\\/?s={search_term_string}\"},\"query-input\":{\"@type\":\"PropertyValueSpecification\",\"valueRequired\":true,\"valueName\":\"search_term_string\"}}],\"inLanguage\":\"fr-FR\"},{\"@type\":\"Organization\",\"@id\":\"https:\\\/\\\/traininglikepro.fr\\\/#organization\",\"name\":\"T.R'aining Like Pro\",\"url\":\"https:\\\/\\\/traininglikepro.fr\\\/\",\"logo\":{\"@type\":\"ImageObject\",\"inLanguage\":\"fr-FR\",\"@id\":\"https:\\\/\\\/traininglikepro.fr\\\/#\\\/schema\\\/logo\\\/image\\\/\",\"url\":\"https:\\\/\\\/traininglikepro.com\\\/wp-content\\\/uploads\\\/2022\\\/09\\\/T.Raining_Like_Pro_Logo.png\",\"contentUrl\":\"https:\\\/\\\/traininglikepro.com\\\/wp-content\\\/uploads\\\/2022\\\/09\\\/T.Raining_Like_Pro_Logo.png\",\"width\":2003,\"height\":1966,\"caption\":\"T.R'aining Like Pro\"},\"image\":{\"@id\":\"https:\\\/\\\/traininglikepro.fr\\\/#\\\/schema\\\/logo\\\/image\\\/\"}}]}<\/script>\n<!-- \/ Yoast SEO plugin. -->","yoast_head_json":{"title":"Carte-Cadeau - T.R&#039;aining Like Pro","robots":{"index":"index","follow":"follow","max-snippet":"max-snippet:-1","max-image-preview":"max-image-preview:large","max-video-preview":"max-video-preview:-1"},"canonical":"https:\/\/traininglikepro.fr\/index.php\/carte-cadeau\/","og_locale":"fr_FR","og_type":"article","og_title":"Carte-Cadeau - T.R&#039;aining Like Pro","og_description":"Pour les amoureux de course \u00e0 pied, pensez aux&nbsp;cartes-cadeaux TLP Offrez \u00e0 vos proches la possibilit\u00e9 de pr\u00e9parer au mieux leurs prochaines courses avec la formule de leur choix. Choisissez le montant souhait\u00e9, et le tour est jou\u00e9. C&rsquo;est simple et rapide\u00a0 Pour les amoureux de course \u00e0 pied, pensez aux\u00a0cartes-cadeaux TLP Offrez \u00e0 vos&hellip; Poursuivre la lecture Carte-Cadeau","og_url":"https:\/\/traininglikepro.fr\/index.php\/carte-cadeau\/","og_site_name":"T.R&#039;aining Like Pro","article_modified_time":"2024-12-26T13:08:16+00:00","og_image":[{"url":"https:\/\/s.w.org\/images\/core\/emoji\/15.0.3\/svg\/1f381.svg","type":"","width":"","height":""}],"twitter_card":"summary_large_image","twitter_misc":{"Dur\u00e9e de lecture estim\u00e9e":"3 minutes"},"schema":{"@context":"https:\/\/schema.org","@graph":[{"@type":"WebPage","@id":"https:\/\/traininglikepro.fr\/index.php\/carte-cadeau\/","url":"https:\/\/traininglikepro.fr\/index.php\/carte-cadeau\/","name":"Carte-Cadeau - T.R&#039;aining Like Pro","isPartOf":{"@id":"https:\/\/traininglikepro.fr\/#website"},"primaryImageOfPage":{"@id":"https:\/\/traininglikepro.fr\/index.php\/carte-cadeau\/#primaryimage"},"image":{"@id":"https:\/\/traininglikepro.fr\/index.php\/carte-cadeau\/#primaryimage"},"thumbnailUrl":"https:\/\/s.w.org\/images\/core\/emoji\/15.0.3\/svg\/1f381.svg","datePublished":"2024-11-28T10:50:09+00:00","dateModified":"2024-12-26T13:08:16+00:00","breadcrumb":{"@id":"https:\/\/traininglikepro.fr\/index.php\/carte-cadeau\/#breadcrumb"},"inLanguage":"fr-FR","potentialAction":[{"@type":"ReadAction","target":["https:\/\/traininglikepro.fr\/index.php\/carte-cadeau\/"]}]},{"@type":"ImageObject","inLanguage":"fr-FR","@id":"https:\/\/traininglikepro.fr\/index.php\/carte-cadeau\/#primaryimage","url":"https:\/\/s.w.org\/images\/core\/emoji\/15.0.3\/svg\/1f381.svg","contentUrl":"https:\/\/s.w.org\/images\/core\/emoji\/15.0.3\/svg\/1f381.svg"},{"@type":"BreadcrumbList","@id":"https:\/\/traininglikepro.fr\/index.php\/carte-cadeau\/#breadcrumb","itemListElement":[{"@type":"ListItem","position":1,"name":"Accueil","item":"https:\/\/traininglikepro.fr\/"},{"@type":"ListItem","position":2,"name":"Carte-Cadeau"}]},{"@type":"WebSite","@id":"https:\/\/traininglikepro.fr\/#website","url":"https:\/\/traininglikepro.fr\/","name":"T.R&#039;aining Like Pro","description":"","publisher":{"@id":"https:\/\/traininglikepro.fr\/#organization"},"potentialAction":[{"@type":"SearchAction","target":{"@type":"EntryPoint","urlTemplate":"https:\/\/traininglikepro.fr\/?s={search_term_string}"},"query-input":{"@type":"PropertyValueSpecification","valueRequired":true,"valueName":"search_term_string"}}],"inLanguage":"fr-FR"},{"@type":"Organization","@id":"https:\/\/traininglikepro.fr\/#organization","name":"T.R'aining Like Pro","url":"https:\/\/traininglikepro.fr\/","logo":{"@type":"ImageObject","inLanguage":"fr-FR","@id":"https:\/\/traininglikepro.fr\/#\/schema\/logo\/image\/","url":"https:\/\/traininglikepro.com\/wp-content\/uploads\/2022\/09\/T.Raining_Like_Pro_Logo.png","contentUrl":"https:\/\/traininglikepro.com\/wp-content\/uploads\/2022\/09\/T.Raining_Like_Pro_Logo.png","width":2003,"height":1966,"caption":"T.R'aining Like Pro"},"image":{"@id":"https:\/\/traininglikepro.fr\/#\/schema\/logo\/image\/"}}]}},"_links":{"self":[{"href":"https:\/\/traininglikepro.fr\/index.php\/wp-json\/wp\/v2\/pages\/6510","targetHints":{"allow":["GET"]}}],"collection":[{"href":"https:\/\/traininglikepro.fr\/index.php\/wp-json\/wp\/v2\/pages"}],"about":[{"href":"https:\/\/traininglikepro.fr\/index.php\/wp-json\/wp\/v2\/types\/page"}],"author":[{"embeddable":true,"href":"https:\/\/traininglikepro.fr\/index.php\/wp-json\/wp\/v2\/users\/1"}],"replies":[{"embeddable":true,"href":"https:\/\/traininglikepro.fr\/index.php\/wp-json\/wp\/v2\/comments?post=6510"}],"version-history":[{"count":83,"href":"https:\/\/traininglikepro.fr\/index.php\/wp-json\/wp\/v2\/pages\/6510\/revisions"}],"predecessor-version":[{"id":6774,"href":"https:\/\/traininglikepro.fr\/index.php\/wp-json\/wp\/v2\/pages\/6510\/revisions\/6774"}],"wp:attachment":[{"href":"https:\/\/traininglikepro.fr\/index.php\/wp-json\/wp\/v2\/media?parent=6510"}],"curies":[{"name":"wp","href":"https:\/\/api.w.org\/{rel}","templated":true}]}}